{"id":6295,"date":"2026-03-15T18:48:18","date_gmt":"2026-03-15T17:48:18","guid":{"rendered":"https:\/\/www.association-corecre.com\/?page_id=6295"},"modified":"2026-03-16T15:06:50","modified_gmt":"2026-03-16T14:06:50","slug":"les-colectures","status":"publish","type":"page","link":"https:\/\/www.association-corecre.com\/index.php\/les-colectures\/","title":{"rendered":"Les Co&#8217;lectures"},"content":{"rendered":"<p>[et_pb_section fb_built=&#8221;1&#8243; _builder_version=&#8221;3.0.47&#8243; custom_padding=&#8221;17px|0px|11px|0px|false|false&#8221;][et_pb_row custom_padding=&#8221;27px|0px|26px|0px|false|false&#8221; _builder_version=&#8221;3.14&#8243;][et_pb_column type=&#8221;4_4&#8243; _builder_version=&#8221;3.14&#8243; parallax=&#8221;off&#8221; parallax_method=&#8221;on&#8221;][et_pb_text _builder_version=&#8221;3.14&#8243;]<\/p>\n<p style=\"text-align: center;\"><span style=\"font-size: xx-large;\"><strong><span style=\"color: #0c0000;\">Les Co&#8217;lectures de la R\u00e9CR\u00c9<\/span><\/strong><\/span><\/p>\n<p>[\/et_pb_text][\/et_pb_column][\/et_pb_row][\/et_pb_section][et_pb_section fb_built=&#8221;1&#8243; _builder_version=&#8221;3.14&#8243; custom_padding=&#8221;26px|0px|0|0px|false|false&#8221; top_divider_style=&#8221;wave&#8221; top_divider_color=&#8221;#88c4dd&#8221; top_divider_height=&#8221;42px&#8221; top_divider_flip=&#8221;horizontal&#8221; bottom_divider_height=&#8221;65px&#8221;][et_pb_row custom_padding=&#8221;27px|0px|31px|0px|false|false&#8221; _builder_version=&#8221;3.14&#8243;][et_pb_column type=&#8221;4_4&#8243; _builder_version=&#8221;3.14&#8243; parallax=&#8221;off&#8221; parallax_method=&#8221;on&#8221;][et_pb_text _builder_version=&#8221;3.14&#8243;]<\/p>\n<p data-start=\"179\" data-end=\"403\">Les <strong data-start=\"183\" data-end=\"198\">Co&#8217;lectures<\/strong> sont un format de rencontre propos\u00e9 par l\u2019association CoR\u00e9CR\u00c9 pour discuter d\u2019ouvrages r\u00e9cents de <strong data-start=\"301\" data-end=\"331\">vulgarisation scientifique<\/strong> en lien avec les th\u00e9matiques travaill\u00e9es au sein des <strong data-start=\"385\" data-end=\"402\">Conciliabules<\/strong>.<\/p>\n<p data-start=\"405\" data-end=\"772\">\u00c0 chaque s\u00e9ance, une <strong data-start=\"426\" data-end=\"464\">autrice ou un auteur universitaire<\/strong> est invit\u00e9 \u00e0 pr\u00e9senter son ouvrage et \u00e0 \u00e9changer autour des id\u00e9es principales qui y sont d\u00e9velopp\u00e9es. L\u2019objectif est de mettre en discussion des travaux de recherche rendus accessibles au grand public et d\u2019en explorer les apports pour la compr\u00e9hension des apprentissages, du d\u00e9veloppement ou de l\u2019\u00e9ducation.<\/p>\n<p data-start=\"774\" data-end=\"1053\">Les rencontres prennent la forme d\u2019un <strong data-start=\"812\" data-end=\"841\">format court (45 minutes) et structur\u00e9<\/strong>, organis\u00e9 autour de plusieurs rubriques qui permettent d\u2019aborder les diff\u00e9rentes dimensions du livre : ses questions de d\u00e9part, ses r\u00e9sultats majeurs et les pistes qu\u2019il ouvre pour la r\u00e9flexion et les pratiques.<\/p>\n<p data-start=\"1055\" data-end=\"1258\">Les <strong data-start=\"1059\" data-end=\"1074\">Co&#8217;lectures<\/strong> s\u2019inscrivent ainsi dans la continuit\u00e9 des activit\u00e9s de CoR\u00e9CR\u00c9 : favoriser la circulation des connaissances scientifiques et nourrir le dialogue entre recherche, \u00e9ducation et soci\u00e9t\u00e9.<\/p>\n<p>[\/et_pb_text][\/et_pb_column][\/et_pb_row][\/et_pb_section][et_pb_section fb_built=&#8221;1&#8243; _builder_version=&#8221;3.14&#8243; custom_padding=&#8221;12px|0px|0|0px|false|false&#8221; top_divider_style=&#8221;wave&#8221; top_divider_color=&#8221;#88c4dd&#8221; top_divider_height=&#8221;42px&#8221; bottom_divider_height=&#8221;65px&#8221;][\/et_pb_section][et_pb_section fb_built=&#8221;1&#8243; _builder_version=&#8221;3.0.47&#8243; custom_padding=&#8221;0|0px|54px|0px|false|false&#8221;][et_pb_row _builder_version=&#8221;3.14&#8243; border_color_all=&#8221;#919191&#8243;][et_pb_column type=&#8221;1_2&#8243; _builder_version=&#8221;3.14&#8243; parallax=&#8221;off&#8221; parallax_method=&#8221;on&#8221;][et_pb_image src=&#8221;http:\/\/www.association-corecre.com\/wp-content\/uploads\/2026\/03\/ChatGPT-Image-16-mars-2026-a-11_45_36.png&#8221; url=&#8221;https:\/\/www.association-corecre.com\/index.php\/2026\/03\/16\/prochain-evenement-le-colecture-sur-le-livre-dans-la-tete-des-hpi-nicolas-gauvrit\/&#8221; _builder_version=&#8221;3.14&#8243; border_width_all=&#8221;1px&#8221;][\/et_pb_image][et_pb_button button_url=&#8221;https:\/\/www.association-corecre.com\/index.php\/2026\/03\/16\/prochain-evenement-le-colecture-sur-le-livre-dans-la-tete-des-hpi-nicolas-gauvrit\/&#8221; button_text=&#8221;24 mars 2026&#8243; button_alignment=&#8221;center&#8221; _builder_version=&#8221;3.14&#8243; custom_button=&#8221;on&#8221; button_text_color=&#8221;#000000&#8243; button_border_width=&#8221;3px&#8221; button_border_radius=&#8221;28px&#8221; button_font=&#8221;|||on|||||&#8221;][\/et_pb_button][\/et_pb_column][et_pb_column type=&#8221;1_2&#8243; _builder_version=&#8221;3.14&#8243; parallax=&#8221;off&#8221; parallax_method=&#8221;on&#8221;][\/et_pb_column][\/et_pb_row][\/et_pb_section]<\/p>\n","protected":false},"excerpt":{"rendered":"<p>[et_pb_section fb_built=&#8221;1&#8243; _builder_version=&#8221;3.0.47&#8243; custom_padding=&#8221;17px|0px|11px|0px|false|false&#8221;][et_pb_row custom_padding=&#8221;27px|0px|26px|0px|false|false&#8221; _builder_version=&#8221;3.14&#8243;][et_pb_column type=&#8221;4_4&#8243; _builder_version=&#8221;3.14&#8243; parallax=&#8221;off&#8221; parallax_method=&#8221;on&#8221;][et_pb_text _builder_version=&#8221;3.14&#8243;] Les Co&#8217;lectures de la R\u00e9CR\u00c9 [\/et_pb_text][\/et_pb_column][\/et_pb_row][\/et_pb_section][et_pb_section fb_built=&#8221;1&#8243; _builder_version=&#8221;3.14&#8243; custom_padding=&#8221;26px|0px|0|0px|false|false&#8221; top_divider_style=&#8221;wave&#8221; top_divider_color=&#8221;#88c4dd&#8221; top_divider_height=&#8221;42px&#8221; top_divider_flip=&#8221;horizontal&#8221; bottom_divider_height=&#8221;65px&#8221;][et_pb_row custom_padding=&#8221;27px|0px|31px|0px|false|false&#8221; _builder_version=&#8221;3.14&#8243;][et_pb_column type=&#8221;4_4&#8243; _builder_version=&#8221;3.14&#8243; parallax=&#8221;off&#8221; parallax_method=&#8221;on&#8221;][et_pb_text _builder_version=&#8221;3.14&#8243;] Les Co&#8217;lectures sont un format de rencontre propos\u00e9 par l\u2019association CoR\u00e9CR\u00c9 pour discuter d\u2019ouvrages r\u00e9cents de vulgarisation scientifique en lien avec les th\u00e9matiques [&hellip;]<\/p>\n","protected":false},"author":1,"featured_media":0,"parent":0,"menu_order":0,"comment_status":"closed","ping_status":"closed","template":"","meta":{"_exactmetrics_skip_tracking":false,"_exactmetrics_sitenote_active":false,"_exactmetrics_sitenote_note":"","_exactmetrics_sitenote_category":0,"_monsterinsights_skip_tracking":false,"_monsterinsights_sitenote_active":false,"_monsterinsights_sitenote_note":"","_monsterinsights_sitenote_category":0,"footnotes":""},"categories":[],"tags":[],"class_list":["post-6295","page","type-page","status-publish","hentry"],"_links":{"self":[{"href":"https:\/\/www.association-corecre.com\/index.php\/wp-json\/wp\/v2\/pages\/6295","targetHints":{"allow":["GET"]}}],"collection":[{"href":"https:\/\/www.association-corecre.com\/index.php\/wp-json\/wp\/v2\/pages"}],"about":[{"href":"https:\/\/www.association-corecre.com\/index.php\/wp-json\/wp\/v2\/types\/page"}],"author":[{"embeddable":true,"href":"https:\/\/www.association-corecre.com\/index.php\/wp-json\/wp\/v2\/users\/1"}],"replies":[{"embeddable":true,"href":"https:\/\/www.association-corecre.com\/index.php\/wp-json\/wp\/v2\/comments?post=6295"}],"version-history":[{"count":8,"href":"https:\/\/www.association-corecre.com\/index.php\/wp-json\/wp\/v2\/pages\/6295\/revisions"}],"predecessor-version":[{"id":6373,"href":"https:\/\/www.association-corecre.com\/index.php\/wp-json\/wp\/v2\/pages\/6295\/revisions\/6373"}],"wp:attachment":[{"href":"https:\/\/www.association-corecre.com\/index.php\/wp-json\/wp\/v2\/media?parent=6295"}],"wp:term":[{"taxonomy":"category","embeddable":true,"href":"https:\/\/www.association-corecre.com\/index.php\/wp-json\/wp\/v2\/categories?post=6295"},{"taxonomy":"post_tag","embeddable":true,"href":"https:\/\/www.association-corecre.com\/index.php\/wp-json\/wp\/v2\/tags?post=6295"}],"curies":[{"name":"wp","href":"https:\/\/api.w.org\/{rel}","templated":true}]}}

<p>[et_pb_section fb_built=&#8221;1&#8243; _builder_version=&#8221;3.0.47&#8243; custom_padding=&#8221;17px|0px|11px|0px|false|false&#8221;][et_pb_row custom_padding=&#8221;27px|0px|26px|0px|false|false&#8221; _builder_version=&#8221;3.14&#8243;][et_pb_column type=&#8221;4_4&#8243; _builder_version=&#8221;3.14&#8243; parallax=&#8221;off&#8221; parallax_method=&#8221;on&#8221;][et_pb_text _builder_version=&#8221;3.14&#8243;]</p>
<p style="text-align: center;"><span style="font-size: xx-large;"><strong><span style="color: #0c0000;">Les Co&#8217;lectures de la RéCRÉ</span></strong></span></p>
<p>[/et_pb_text][/et_pb_column][/et_pb_row][/et_pb_section][et_pb_section fb_built=&#8221;1&#8243; _builder_version=&#8221;3.14&#8243; custom_padding=&#8221;26px|0px|0|0px|false|false&#8221; top_divider_style=&#8221;wave&#8221; top_divider_color=&#8221;#88c4dd&#8221; top_divider_height=&#8221;42px&#8221; top_divider_flip=&#8221;horizontal&#8221; bottom_divider_height=&#8221;65px&#8221;][et_pb_row custom_padding=&#8221;27px|0px|31px|0px|false|false&#8221; _builder_version=&#8221;3.14&#8243;][et_pb_column type=&#8221;4_4&#8243; _builder_version=&#8221;3.14&#8243; parallax=&#8221;off&#8221; parallax_method=&#8221;on&#8221;][et_pb_text _builder_version=&#8221;3.14&#8243;]</p>
<p data-start="179" data-end="403">Les <strong data-start="183" data-end="198">Co&#8217;lectures</strong> sont un format de rencontre proposé par l’association CoRéCRÉ pour discuter d’ouvrages récents de <strong data-start="301" data-end="331">vulgarisation scientifique</strong> en lien avec les thématiques travaillées au sein des <strong data-start="385" data-end="402">Conciliabules</strong>.</p>
<p data-start="405" data-end="772">À chaque séance, une <strong data-start="426" data-end="464">autrice ou un auteur universitaire</strong> est invité à présenter son ouvrage et à échanger autour des idées principales qui y sont développées. L’objectif est de mettre en discussion des travaux de recherche rendus accessibles au grand public et d’en explorer les apports pour la compréhension des apprentissages, du développement ou de l’éducation.</p>
<p data-start="774" data-end="1053">Les rencontres prennent la forme d’un <strong data-start="812" data-end="841">format court (45 minutes) et structuré</strong>, organisé autour de plusieurs rubriques qui permettent d’aborder les différentes dimensions du livre : ses questions de départ, ses résultats majeurs et les pistes qu’il ouvre pour la réflexion et les pratiques.</p>
<p data-start="1055" data-end="1258">Les <strong data-start="1059" data-end="1074">Co&#8217;lectures</strong> s’inscrivent ainsi dans la continuité des activités de CoRéCRÉ : favoriser la circulation des connaissances scientifiques et nourrir le dialogue entre recherche, éducation et société.</p>
<p>[/et_pb_text][/et_pb_column][/et_pb_row][/et_pb_section][et_pb_section fb_built=&#8221;1&#8243; _builder_version=&#8221;3.14&#8243; custom_padding=&#8221;12px|0px|0|0px|false|false&#8221; top_divider_style=&#8221;wave&#8221; top_divider_color=&#8221;#88c4dd&#8221; top_divider_height=&#8221;42px&#8221; bottom_divider_height=&#8221;65px&#8221;][/et_pb_section][et_pb_section fb_built=&#8221;1&#8243; _builder_version=&#8221;3.0.47&#8243; custom_padding=&#8221;0|0px|54px|0px|false|false&#8221;][et_pb_row _builder_version=&#8221;3.14&#8243; border_color_all=&#8221;#919191&#8243;][et_pb_column type=&#8221;1_2&#8243; _builder_version=&#8221;3.14&#8243; parallax=&#8221;off&#8221; parallax_method=&#8221;on&#8221;][et_pb_image src=&#8221;http://www.association-corecre.com/wp-content/uploads/2026/03/ChatGPT-Image-16-mars-2026-a-11_45_36.png&#8221; url=&#8221;https://www.association-corecre.com/index.php/2026/03/16/prochain-evenement-le-colecture-sur-le-livre-dans-la-tete-des-hpi-nicolas-gauvrit/&#8221; _builder_version=&#8221;3.14&#8243; border_width_all=&#8221;1px&#8221;][/et_pb_image][et_pb_button button_url=&#8221;https://www.association-corecre.com/index.php/2026/03/16/prochain-evenement-le-colecture-sur-le-livre-dans-la-tete-des-hpi-nicolas-gauvrit/&#8221; button_text=&#8221;24 mars 2026&#8243; button_alignment=&#8221;center&#8221; _builder_version=&#8221;3.14&#8243; custom_button=&#8221;on&#8221; button_text_color=&#8221;#000000&#8243; button_border_width=&#8221;3px&#8221; button_border_radius=&#8221;28px&#8221; button_font=&#8221;|||on|||||&#8221;][/et_pb_button][/et_pb_column][et_pb_column type=&#8221;1_2&#8243; _builder_version=&#8221;3.14&#8243; parallax=&#8221;off&#8221; parallax_method=&#8221;on&#8221;][/et_pb_column][/et_pb_row][/et_pb_section]</p>

<p>[et_pb_section fb_built=&#8221;1&#8243; _builder_version=&#8221;3.0.47&#8243; custom_padding=&#8221;17px|0px|11px|0px|false|false&#8221;][et_pb_row custom_padding=&#8221;27px|0px|26px|0px|false|false&#8221; _builder_version=&#8221;3.14&#8243;][et_pb_column type=&#8221;4_4&#8243; _builder_version=&#8221;3.14&#8243; parallax=&#8221;off&#8221; parallax_method=&#8221;on&#8221;][et_pb_text _builder_version=&#8221;3.14&#8243;] Les Co&#8217;lectures de la RéCRÉ [/et_pb_text][/et_pb_column][/et_pb_row][/et_pb_section][et_pb_section fb_built=&#8221;1&#8243; _builder_version=&#8221;3.14&#8243; custom_padding=&#8221;26px|0px|0|0px|false|false&#8221; top_divider_style=&#8221;wave&#8221; top_divider_color=&#8221;#88c4dd&#8221; top_divider_height=&#8221;42px&#8221; top_divider_flip=&#8221;horizontal&#8221; bottom_divider_height=&#8221;65px&#8221;][et_pb_row custom_padding=&#8221;27px|0px|31px|0px|false|false&#8221; _builder_version=&#8221;3.14&#8243;][et_pb_column type=&#8221;4_4&#8243; _builder_version=&#8221;3.14&#8243; parallax=&#8221;off&#8221; parallax_method=&#8221;on&#8221;][et_pb_text _builder_version=&#8221;3.14&#8243;] Les Co&#8217;lectures sont un format de rencontre proposé par l’association CoRéCRÉ pour discuter d’ouvrages récents de vulgarisation scientifique en lien avec les thématiques [&hellip;]</p>
