{"id":4971,"date":"2022-09-18T12:32:36","date_gmt":"2022-09-18T10:32:36","guid":{"rendered":"http:\/\/www.association-corecre.com\/?page_id=4971"},"modified":"2022-09-18T12:46:51","modified_gmt":"2022-09-18T10:46:51","slug":"devenir-une-institution-partenaire","status":"publish","type":"page","link":"https:\/\/www.association-corecre.com\/index.php\/devenir-une-institution-partenaire\/","title":{"rendered":"Devenir une institution partenaire"},"content":{"rendered":"<p>[et_pb_section fb_built=&#8221;1&#8243; _builder_version=&#8221;3.14&#8243; custom_padding=&#8221;0|0px|17px|0px|false|false&#8221;][et_pb_row custom_padding=&#8221;42px|0px|25px|0px|false|false&#8221; _builder_version=&#8221;3.14&#8243;][et_pb_column type=&#8221;4_4&#8243; _builder_version=&#8221;3.14&#8243; parallax=&#8221;off&#8221; parallax_method=&#8221;on&#8221;][et_pb_text _builder_version=&#8221;3.14&#8243;]<\/p>\n<p style=\"text-align: center;\"><span style=\"font-size: x-large; color: #048c96;\"><strong>Devenir membre de l&#8217;association &#8211; adh\u00e9sion annuelle<\/strong><\/span><\/p>\n<p>[\/et_pb_text][\/et_pb_column][\/et_pb_row][\/et_pb_section][et_pb_section fb_built=&#8221;1&#8243; _builder_version=&#8221;3.14&#8243; background_image=&#8221;http:\/\/www.association-corecre.com\/wp-content\/uploads\/2020\/08\/social-media-3846597_1280.png&#8221; background_size=&#8221;contain&#8221; background_repeat=&#8221;repeat-x&#8221; custom_padding=&#8221;54px|0px|16px|0px|false|false&#8221;][et_pb_row _builder_version=&#8221;3.14&#8243;][et_pb_column type=&#8221;2_5&#8243; _builder_version=&#8221;3.14&#8243; parallax=&#8221;off&#8221; parallax_method=&#8221;on&#8221;][\/et_pb_column][et_pb_column type=&#8221;3_5&#8243; _builder_version=&#8221;3.14&#8243; parallax=&#8221;off&#8221; parallax_method=&#8221;on&#8221;][et_pb_text _builder_version=&#8221;3.14&#8243; background_color=&#8221;#007b93&#8243; custom_margin=&#8221;|0px||&#8221; custom_padding=&#8221;|15px||&#8221;]<\/p>\n<p style=\"text-align: right;\"><span style=\"color: #ffffff;\"><\/span><\/p>\n<p style=\"text-align: right;\"><span style=\"color: #ffffff;\">Un des enjeux du CoR\u00e9CR\u00c9 est de <strong>cr\u00e9er un r\u00e9seau d&#8217;acteur<\/strong> qui gravite autour du d\u00e9veloppement de l&#8217;enfant et de son l&#8217;\u00e9ducation. Dans ce contexte, les partenaires de l&#8217;association seront<strong> rapidement\u00a0int\u00e9gr\u00e9s dans notre r\u00e9seau<\/strong>, et\u00a0<strong>b\u00e9n\u00e9ficieront des diff\u00e9rents avantages<\/strong> qui y sont associ\u00e9s<\/span><\/p>\n<p style=\"text-align: right;\"><span style=\"color: #ffffff;\">\u00a0<\/span><\/p>\n<p>[\/et_pb_text][\/et_pb_column][\/et_pb_row][\/et_pb_section][et_pb_section fb_built=&#8221;1&#8243; _builder_version=&#8221;3.14&#8243; custom_padding=&#8221;23px|0px|4px|0px|false|false&#8221;][et_pb_row custom_padding=&#8221;27px|0px|0|0px|false|false&#8221; _builder_version=&#8221;3.14&#8243;][et_pb_column type=&#8221;4_4&#8243; _builder_version=&#8221;3.14&#8243; parallax=&#8221;off&#8221; parallax_method=&#8221;on&#8221;][et_pb_divider color=&#8221;#8f8f8f&#8221; _builder_version=&#8221;3.14&#8243;][\/et_pb_divider][\/et_pb_column][\/et_pb_row][\/et_pb_section][et_pb_section fb_built=&#8221;1&#8243; _builder_version=&#8221;3.14&#8243; custom_padding=&#8221;16px|0px|49px|0px|false|false&#8221; top_divider_color=&#8221;rgba(0,0,0,0)&#8221; bottom_divider_color=&#8221;#ffffff&#8221;][et_pb_row custom_padding=&#8221;11px|0|14px|0px|false|false&#8221; _builder_version=&#8221;3.14&#8243;][et_pb_column type=&#8221;1_2&#8243; _builder_version=&#8221;3.14&#8243; parallax=&#8221;off&#8221; parallax_method=&#8221;on&#8221;][et_pb_text _builder_version=&#8221;3.14&#8243; max_width=&#8221;95%&#8221; module_alignment=&#8221;center&#8221;]<\/p>\n<p style=\"text-align: center;\"><span color=\"#048c96\" size=\"4\" style=\"color: #8a0093; font-size: large;\"><span style=\"caret-color: #048c96;\"><b>Vous \u00eates une \u00e9cole<\/b><\/span><\/span><\/p>\n<p style=\"text-align: left;\"><span>Vous \u00eates une \u00e9cole et vous souhaitez faire partie du r\u00e9seau d\u2019\u00e9cole du CoReCR\u00c9 ? Contacter le bureau de l\u2019association pour en faire la demande !<\/span><\/p>\n<p style=\"text-align: left;\"><span>En devenant partenaire, v<\/span><span style=\"font-size: 14px;\">ous b\u00e9n\u00e9ficierez alors :<\/span><\/p>\n<ul style=\"text-align: left;\">\n<li>D\u2019un partenariat unique permettant \u00e0 votre institution de <strong>participer<\/strong>, voire m\u00eame d\u2019<strong>\u00e9laborer<\/strong>\u00a0des <strong>programmes de recherches appliqu\u00e9es<\/strong>,<\/li>\n<li>Des <strong>invitations \u00e0 tous les \u00e9v\u00e8nements organis\u00e9s par le CoReCR\u00c9<\/strong> (les co&#8217;ciliabules de la R\u00e9CR\u00c9 CoR\u00e9CR\u00c9 qui sont des webinaires interdisciplinaires o\u00f9 interviendront r\u00e9guli\u00e8rement des sp\u00e9cialistes nationaux et internationaux, un congr\u00e8s national &#8230;),<\/li>\n<li>D&#8217;un acc\u00e8s \u00e0\u00a0<strong>newsletter mensuelle du Journal de M\u00e9diation Scientifique<\/strong> du CoReCR\u00c9,<\/li>\n<li>D&#8217;une diffusion de connaissances gr\u00e2ce \u00e0 des interviews de chercheurs et des articles de m\u00e9diations scientifiques,<\/li>\n<li>D&#8217;une <strong>r\u00e9duction tarifaire<\/strong> pour les membres de votre \u00e9quipe p\u00e9dagogique,<\/li>\n<li>D&#8217;un acc\u00e8s au\u00a0<strong>du mat\u00e9riel et du contenu p\u00e9dagogique<\/strong> qui sera cr\u00e9\u00e9 dans les diff\u00e9rents programmes de recherche du CoReCR\u00c9.<\/li>\n<\/ul>\n<p style=\"text-align: left;\">\n<p style=\"text-align: left;\">Informez-vous davantage aupr\u00e8s des dirigeants de l\u2019association, en les contactant<a href=\"http:\/\/www.association-corecre.com\/index.php\/contact-31-aout\/\"> <strong>ici\u00a0!<\/strong><\/a><\/p>\n<p>[\/et_pb_text][\/et_pb_column][et_pb_column type=&#8221;1_2&#8243; _builder_version=&#8221;3.14&#8243; parallax=&#8221;off&#8221; parallax_method=&#8221;on&#8221;][et_pb_text _builder_version=&#8221;3.14&#8243; max_width=&#8221;95%&#8221; module_alignment=&#8221;center&#8221;]<\/p>\n<p style=\"text-align: center;\"><span color=\"#048c96\" size=\"4\" style=\"color: #8a0093; font-size: large;\"><span style=\"caret-color: #048c96;\"><b>Vous \u00eates un laboratoire \/ chercheur<\/b><\/span><\/span><\/p>\n<p style=\"text-align: left;\"><span>En entrant dans notre r\u00e9seau, les laboratoires et les chercheurs de ces laboratoires partenaires pourront partager, apprendre, et mettre en place des actions uniques main dans la main avec les professionnels de l\u2019\u00e9ducation !\u00a0<\/span>En devenant un laboratoire partenaire, vous b\u00e9n\u00e9ficierez :<\/p>\n<ul>\n<li>D\u2019un partenariat permettant \u00e0 votre institution de <strong>participer<\/strong> et\/ou d\u2019<strong>\u00e9laborer<\/strong>\u00a0plus facilement des <strong>programmes de recherches appliqu\u00e9es<\/strong> en association avec les professionnels de l\u2019\u00e9ducation,<\/li>\n<li><span>Les chercheurs de votre \u00e9quipe pourront candidater aux <\/span><strong>aides financi\u00e8res du CoReCR\u00c9<\/strong><span> qui soutiennent la mise en place de recherches appliqu\u00e9es.<\/span><\/li>\n<li><span>Vous pourrez vous investir au sein de l\u2019association, simplement en faisant partie des chercheurs sp\u00e9cialistes qui interviendraient lors des <\/span><strong>Co&#8217;ciliabules de la R\u00e9CR\u00c9<\/strong><span>, mais aussi en faisant partie des <\/span><strong>organes internes de l\u2019association<\/strong><span> !<\/span><\/li>\n<li><span>D&#8217;un acc\u00e8s \u00e0 la\u00a0<strong>newsletter mensuelle du Journal de M\u00e9diation Scientifique<\/strong> du CoReCR\u00c9,<\/span><\/li>\n<li>D&#8217;une <strong>r\u00e9duction tarifaire<\/strong> pour les membres de votre \u00e9quipe,<\/li>\n<li>Des <strong>invitations \u00e0 tous les \u00e9v\u00e8nements organis\u00e9s par le CoReCR\u00c9<\/strong> (les co&#8217;ciliabules du CoR\u00e9CR\u00c9 qui sont des webinaires interdisciplinaires o\u00f9 interviendront r\u00e9guli\u00e8rement des sp\u00e9cialistes nationaux et internationaux, un congr\u00e8s national &#8230;),<\/li>\n<\/ul>\n<p>Informez-vous davantage aupr\u00e8s des dirigeants de l\u2019association, en les contactant<strong><a href=\"http:\/\/www.association-corecre.com\/index.php\/contact-31-aout\/\"> ici !<\/a><\/strong><\/p>\n<p style=\"text-align: left;\"><strong><\/strong><\/p>\n<p>[\/et_pb_text][\/et_pb_column][\/et_pb_row][\/et_pb_section]<\/p>\n","protected":false},"excerpt":{"rendered":"<p>[et_pb_section fb_built=&#8221;1&#8243; _builder_version=&#8221;3.14&#8243; custom_padding=&#8221;0|0px|17px|0px|false|false&#8221;][et_pb_row custom_padding=&#8221;42px|0px|25px|0px|false|false&#8221; _builder_version=&#8221;3.14&#8243;][et_pb_column type=&#8221;4_4&#8243; _builder_version=&#8221;3.14&#8243; parallax=&#8221;off&#8221; parallax_method=&#8221;on&#8221;][et_pb_text _builder_version=&#8221;3.14&#8243;] Devenir membre de l&#8217;association &#8211; adh\u00e9sion annuelle [\/et_pb_text][\/et_pb_column][\/et_pb_row][\/et_pb_section][et_pb_section fb_built=&#8221;1&#8243; _builder_version=&#8221;3.14&#8243; background_image=&#8221;http:\/\/www.association-corecre.com\/wp-content\/uploads\/2020\/08\/social-media-3846597_1280.png&#8221; background_size=&#8221;contain&#8221; background_repeat=&#8221;repeat-x&#8221; custom_padding=&#8221;54px|0px|16px|0px|false|false&#8221;][et_pb_row _builder_version=&#8221;3.14&#8243;][et_pb_column type=&#8221;2_5&#8243; _builder_version=&#8221;3.14&#8243; parallax=&#8221;off&#8221; parallax_method=&#8221;on&#8221;][\/et_pb_column][et_pb_column type=&#8221;3_5&#8243; _builder_version=&#8221;3.14&#8243; parallax=&#8221;off&#8221; parallax_method=&#8221;on&#8221;][et_pb_text _builder_version=&#8221;3.14&#8243; background_color=&#8221;#007b93&#8243; custom_margin=&#8221;|0px||&#8221; custom_padding=&#8221;|15px||&#8221;] Un des enjeux du CoR\u00e9CR\u00c9 est de cr\u00e9er un r\u00e9seau d&#8217;acteur qui gravite autour du d\u00e9veloppement de [&hellip;]<\/p>\n","protected":false},"author":1,"featured_media":0,"parent":0,"menu_order":0,"comment_status":"closed","ping_status":"closed","template":"","meta":{"_exactmetrics_skip_tracking":false,"_exactmetrics_sitenote_active":false,"_exactmetrics_sitenote_note":"","_exactmetrics_sitenote_category":0,"_monsterinsights_skip_tracking":false,"_monsterinsights_sitenote_active":false,"_monsterinsights_sitenote_note":"","_monsterinsights_sitenote_category":0,"footnotes":""},"categories":[],"tags":[],"class_list":["post-4971","page","type-page","status-publish","hentry"],"_links":{"self":[{"href":"https:\/\/www.association-corecre.com\/index.php\/wp-json\/wp\/v2\/pages\/4971","targetHints":{"allow":["GET"]}}],"collection":[{"href":"https:\/\/www.association-corecre.com\/index.php\/wp-json\/wp\/v2\/pages"}],"about":[{"href":"https:\/\/www.association-corecre.com\/index.php\/wp-json\/wp\/v2\/types\/page"}],"author":[{"embeddable":true,"href":"https:\/\/www.association-corecre.com\/index.php\/wp-json\/wp\/v2\/users\/1"}],"replies":[{"embeddable":true,"href":"https:\/\/www.association-corecre.com\/index.php\/wp-json\/wp\/v2\/comments?post=4971"}],"version-history":[{"count":12,"href":"https:\/\/www.association-corecre.com\/index.php\/wp-json\/wp\/v2\/pages\/4971\/revisions"}],"predecessor-version":[{"id":4985,"href":"https:\/\/www.association-corecre.com\/index.php\/wp-json\/wp\/v2\/pages\/4971\/revisions\/4985"}],"wp:attachment":[{"href":"https:\/\/www.association-corecre.com\/index.php\/wp-json\/wp\/v2\/media?parent=4971"}],"wp:term":[{"taxonomy":"category","embeddable":true,"href":"https:\/\/www.association-corecre.com\/index.php\/wp-json\/wp\/v2\/categories?post=4971"},{"taxonomy":"post_tag","embeddable":true,"href":"https:\/\/www.association-corecre.com\/index.php\/wp-json\/wp\/v2\/tags?post=4971"}],"curies":[{"name":"wp","href":"https:\/\/api.w.org\/{rel}","templated":true}]}}