{"id":1661,"date":"2020-08-27T14:41:32","date_gmt":"2020-08-27T12:41:32","guid":{"rendered":"http:\/\/anaellecamarda.com\/?page_id=1661"},"modified":"2022-09-18T14:41:46","modified_gmt":"2022-09-18T12:41:46","slug":"statuts-et-reglements","status":"publish","type":"page","link":"https:\/\/www.association-corecre.com\/index.php\/statuts-et-reglements\/","title":{"rendered":"Statuts et r\u00e8glements"},"content":{"rendered":"<p>[et_pb_section fb_built=&#8221;1&#8243; _builder_version=&#8221;3.14&#8243;][et_pb_row _builder_version=&#8221;3.14&#8243;][et_pb_column type=&#8221;1_2&#8243; _builder_version=&#8221;3.14&#8243; parallax=&#8221;off&#8221; parallax_method=&#8221;on&#8221;][et_pb_text _builder_version=&#8221;3.14&#8243; text_font=&#8221;||||||||&#8221;]<\/p>\n<p style=\"text-align: center;\"><span style=\"text-decoration: underline; font-size: x-large; color: #0c0c0c;\"><strong>T\u00e9l\u00e9charger <\/strong><\/span><\/p>\n<p style=\"text-align: center;\"><span style=\"text-decoration: underline; font-size: x-large; color: #0c0c0c;\"><strong>les statuts du CoReCR\u00c9<\/strong><\/span><\/p>\n<p>[\/et_pb_text][et_pb_image src=&#8221;http:\/\/www.association-corecre.com\/wp-content\/uploads\/2020\/08\/STATUTS_Corecre.pdf&#8221; url=&#8221;http:\/\/anaellecamarda.com\/wp-content\/uploads\/2020\/08\/STATUTS_Corecre.pdf&#8221; _builder_version=&#8221;3.14&#8243; border_width_all=&#8221;1px&#8221; border_style_all=&#8221;dashed&#8221;][\/et_pb_image][\/et_pb_column][et_pb_column type=&#8221;1_2&#8243; _builder_version=&#8221;3.14&#8243; parallax=&#8221;off&#8221; parallax_method=&#8221;on&#8221;][et_pb_text _builder_version=&#8221;3.14&#8243; text_font=&#8221;||||||||&#8221;]<\/p>\n<p style=\"text-align: center;\"><span style=\"text-decoration: underline; font-size: x-large; color: #0c0c0c;\"><strong><span>T\u00e9l\u00e9charger\u00a0<\/span><\/strong><\/span><\/p>\n<p style=\"text-align: center;\"><span style=\"text-decoration: underline; font-size: x-large; color: #0c0c0c;\"><strong>le r\u00e8glement int\u00e9rieur<\/strong><\/span><\/p>\n<p>[\/et_pb_text][et_pb_image src=&#8221;http:\/\/www.association-corecre.com\/wp-content\/uploads\/2020\/08\/R\u00e8glements-int\u00e9rieur_Corecre.pdf&#8221; url=&#8221;http:\/\/anaellecamarda.com\/wp-content\/uploads\/2020\/08\/R\u00e8glements-int\u00e9rieur_Corecre.pdf&#8221; _builder_version=&#8221;3.14&#8243; border_width_all=&#8221;1px&#8221; border_style_all=&#8221;dashed&#8221;][\/et_pb_image][\/et_pb_column][\/et_pb_row][\/et_pb_section]<\/p>\n","protected":false},"excerpt":{"rendered":"<p>[et_pb_section fb_built=&#8221;1&#8243; _builder_version=&#8221;3.14&#8243;][et_pb_row _builder_version=&#8221;3.14&#8243;][et_pb_column type=&#8221;1_2&#8243; _builder_version=&#8221;3.14&#8243; parallax=&#8221;off&#8221; parallax_method=&#8221;on&#8221;][et_pb_text _builder_version=&#8221;3.14&#8243; text_font=&#8221;||||||||&#8221;] T\u00e9l\u00e9charger les statuts du CoReCR\u00c9 [\/et_pb_text][et_pb_image src=&#8221;http:\/\/www.association-corecre.com\/wp-content\/uploads\/2020\/08\/STATUTS_Corecre.pdf&#8221; url=&#8221;http:\/\/anaellecamarda.com\/wp-content\/uploads\/2020\/08\/STATUTS_Corecre.pdf&#8221; _builder_version=&#8221;3.14&#8243; border_width_all=&#8221;1px&#8221; border_style_all=&#8221;dashed&#8221;][\/et_pb_image][\/et_pb_column][et_pb_column type=&#8221;1_2&#8243; _builder_version=&#8221;3.14&#8243; parallax=&#8221;off&#8221; parallax_method=&#8221;on&#8221;][et_pb_text _builder_version=&#8221;3.14&#8243; text_font=&#8221;||||||||&#8221;] T\u00e9l\u00e9charger\u00a0 le r\u00e8glement int\u00e9rieur [\/et_pb_text][et_pb_image src=&#8221;http:\/\/www.association-corecre.com\/wp-content\/uploads\/2020\/08\/R\u00e8glements-int\u00e9rieur_Corecre.pdf&#8221; url=&#8221;http:\/\/anaellecamarda.com\/wp-content\/uploads\/2020\/08\/R\u00e8glements-int\u00e9rieur_Corecre.pdf&#8221; _builder_version=&#8221;3.14&#8243; border_width_all=&#8221;1px&#8221; border_style_all=&#8221;dashed&#8221;][\/et_pb_image][\/et_pb_column][\/et_pb_row][\/et_pb_section]<\/p>\n","protected":false},"author":1,"featured_media":0,"parent":0,"menu_order":0,"comment_status":"closed","ping_status":"closed","template":"","meta":{"_exactmetrics_skip_tracking":false,"_exactmetrics_sitenote_active":false,"_exactmetrics_sitenote_note":"","_exactmetrics_sitenote_category":0,"_monsterinsights_skip_tracking":false,"_monsterinsights_sitenote_active":false,"_monsterinsights_sitenote_note":"","_monsterinsights_sitenote_category":0,"footnotes":""},"categories":[],"tags":[],"class_list":["post-1661","page","type-page","status-publish","hentry"],"_links":{"self":[{"href":"https:\/\/www.association-corecre.com\/index.php\/wp-json\/wp\/v2\/pages\/1661","targetHints":{"allow":["GET"]}}],"collection":[{"href":"https:\/\/www.association-corecre.com\/index.php\/wp-json\/wp\/v2\/pages"}],"about":[{"href":"https:\/\/www.association-corecre.com\/index.php\/wp-json\/wp\/v2\/types\/page"}],"author":[{"embeddable":true,"href":"https:\/\/www.association-corecre.com\/index.php\/wp-json\/wp\/v2\/users\/1"}],"replies":[{"embeddable":true,"href":"https:\/\/www.association-corecre.com\/index.php\/wp-json\/wp\/v2\/comments?post=1661"}],"version-history":[{"count":9,"href":"https:\/\/www.association-corecre.com\/index.php\/wp-json\/wp\/v2\/pages\/1661\/revisions"}],"predecessor-version":[{"id":5044,"href":"https:\/\/www.association-corecre.com\/index.php\/wp-json\/wp\/v2\/pages\/1661\/revisions\/5044"}],"wp:attachment":[{"href":"https:\/\/www.association-corecre.com\/index.php\/wp-json\/wp\/v2\/media?parent=1661"}],"wp:term":[{"taxonomy":"category","embeddable":true,"href":"https:\/\/www.association-corecre.com\/index.php\/wp-json\/wp\/v2\/categories?post=1661"},{"taxonomy":"post_tag","embeddable":true,"href":"https:\/\/www.association-corecre.com\/index.php\/wp-json\/wp\/v2\/tags?post=1661"}],"curies":[{"name":"wp","href":"https:\/\/api.w.org\/{rel}","templated":true}]}}