{"id":1059,"date":"2020-02-05T11:01:12","date_gmt":"2020-02-05T10:01:12","guid":{"rendered":"http:\/\/anaellecamarda.com\/?page_id=1059"},"modified":"2026-02-07T12:09:40","modified_gmt":"2026-02-07T11:09:40","slug":"essai-blog","status":"publish","type":"page","link":"https:\/\/www.association-corecre.com\/index.php\/essai-blog\/","title":{"rendered":"Le Journal de m\u00e9diation"},"content":{"rendered":"<p>[et_pb_section fb_built=&#8221;1&#8243; _builder_version=&#8221;3.14&#8243; custom_padding=&#8221;32px|0px|12px|0px|false|false&#8221;][et_pb_row custom_padding=&#8221;3px|0px|0|0px|false|false&#8221; _builder_version=&#8221;3.14&#8243;][et_pb_column type=&#8221;4_4&#8243; _builder_version=&#8221;3.14&#8243; parallax=&#8221;off&#8221; parallax_method=&#8221;on&#8221;][et_pb_text _builder_version=&#8221;3.14&#8243; inline_fonts=&#8221;Georgia&#8221;]<\/p>\n<h1 style=\"text-align: center;\"><span style=\"font-family: Georgia; font-weight: normal; font-size: x-large;\"><strong>Le Journal de\u00a0<span style=\"color: #098399;\">m\u00e9diation scientifique<\/span> destin\u00e9 au grand public et aux sp\u00e9cialistes de l\u2019\u00e9ducation, enti\u00e8rement \u00e9crit par des <\/strong><span style=\"color: #098399;\"><strong>chercheurs et des sp\u00e9cialistes<\/strong><\/span><strong> !<\/strong><\/span><\/h1>\n<p>[\/et_pb_text][et_pb_divider color=&#8221;#1b8991&#8243; divider_weight=&#8221;3px&#8221; _builder_version=&#8221;3.14&#8243;][\/et_pb_divider][\/et_pb_column][\/et_pb_row][et_pb_row _builder_version=&#8221;3.14&#8243;][et_pb_column type=&#8221;4_4&#8243; _builder_version=&#8221;3.14&#8243; parallax=&#8221;off&#8221; parallax_method=&#8221;on&#8221;][et_pb_text _builder_version=&#8221;3.14&#8243; inline_fonts=&#8221;Georgia&#8221;]<\/p>\n<p style=\"text-align: center;\"><span style=\"font-size: x-large;\"><strong><span style=\"font-family: Georgia; color: #000000;\">Les actualit\u00e9s<\/span><\/strong><\/span><\/p>\n<p>[\/et_pb_text][et_pb_nextend_smart_slider_3 slider=&#8221;45&#8243; _builder_version=&#8221;3.14&#8243;][\/et_pb_nextend_smart_slider_3][\/et_pb_column][\/et_pb_row][\/et_pb_section][et_pb_section fb_built=&#8221;1&#8243; specialty=&#8221;on&#8221; _builder_version=&#8221;3.14&#8243; custom_padding=&#8221;0|0px|0|0px|false|false&#8221;][et_pb_column type=&#8221;2_3&#8243; specialty_columns=&#8221;2&#8243; _builder_version=&#8221;3.0.47&#8243; parallax=&#8221;off&#8221; parallax_method=&#8221;on&#8221;][et_pb_row_inner padding_right_1=&#8221;24px&#8221; padding_left_1=&#8221;0px&#8221; _builder_version=&#8221;3.14&#8243; border_width_all=&#8221;1px&#8221; border_color_all=&#8221;rgba(3,139,160,0.45)&#8221; border_style_all=&#8221;dashed&#8221; border_width_top=&#8221;0px&#8221; border_color_right=&#8221;rgba(175,175,175,0.36)&#8221; border_style_right=&#8221;solid&#8221; border_width_bottom=&#8221;0px&#8221; border_width_left=&#8221;0px&#8221;][et_pb_column_inner type=&#8221;4_4&#8243; saved_specialty_column_type=&#8221;2_3&#8243; _builder_version=&#8221;3.0.47&#8243; padding_left=&#8221;0px&#8221; padding_right=&#8221;24px&#8221; parallax=&#8221;off&#8221; parallax_method=&#8221;on&#8221;][et_pb_text _builder_version=&#8221;3.14&#8243; border_width_top=&#8221;2px&#8221; border_color_top=&#8221;#038ba0&#8243; border_width_bottom=&#8221;2px&#8221; border_color_bottom=&#8221;#038ba0&#8243; custom_padding=&#8221;10px||10px|&#8221;]<\/p>\n<p style=\"text-align: center;\"><span style=\"font-size: large; color: #038ba0;\"><strong>Les derniers articles du journal<\/strong><\/span><\/p>\n<p>[\/et_pb_text][et_pb_blog fullwidth=&#8221;off&#8221; posts_number=&#8221;30&#8243; include_categories=&#8221;14,2,4,3,5,13,1&#8243; _builder_version=&#8221;3.14&#8243; header_font=&#8221;|700||||on|||&#8221; header_font_size=&#8221;19px&#8221; body_font=&#8221;||||||||&#8221; body_font_size=&#8221;12px&#8221; meta_font=&#8221;||on||||||&#8221; meta_text_color=&#8221;#c1c1c1&#8243; meta_font_size=&#8221;12px&#8221;][\/et_pb_blog][\/et_pb_column_inner][\/et_pb_row_inner][\/et_pb_column][et_pb_column type=&#8221;1_3&#8243; _builder_version=&#8221;3.0.47&#8243; parallax=&#8221;off&#8221; parallax_method=&#8221;on&#8221;][et_pb_text _builder_version=&#8221;3.14&#8243; border_width_top=&#8221;2px&#8221; border_color_top=&#8221;#93016f&#8221; border_width_bottom=&#8221;2px&#8221; border_color_bottom=&#8221;#93016f&#8221; custom_padding=&#8221;10px||10px|&#8221;]<\/p>\n<p style=\"text-align: center;\"><span style=\"font-size: large; color: #993366;\"><strong>Les actualit\u00e9s du club de lecture<\/strong><\/span><\/p>\n<p>[\/et_pb_text][et_pb_blog fullwidth=&#8221;off&#8221; posts_number=&#8221;6&#8243; include_categories=&#8221;37&#8243; _builder_version=&#8221;3.14&#8243; header_font=&#8221;|700||||on|||&#8221; header_font_size=&#8221;19px&#8221; body_font=&#8221;||||||||&#8221; body_font_size=&#8221;12px&#8221; meta_font=&#8221;||on||||||&#8221; meta_text_color=&#8221;#c1c1c1&#8243; meta_font_size=&#8221;12px&#8221; border_color_all=&#8221;#b78fb6&#8243;][\/et_pb_blog][et_pb_divider color=&#8221;rgba(3,139,160,0.57)&#8221; divider_style=&#8221;dashed&#8221; _builder_version=&#8221;3.14&#8243;][\/et_pb_divider][et_pb_text _builder_version=&#8221;3.14&#8243; border_width_top=&#8221;2px&#8221; border_color_top=&#8221;#0030dd&#8221; border_width_bottom=&#8221;2px&#8221; border_color_bottom=&#8221;#0030dd&#8221; custom_padding=&#8221;10px||10px|&#8221;]<\/p>\n<p style=\"text-align: center;\"><span style=\"font-size: large; color: #0030dd;\"><strong>Le prochain \u00e9v\u00e8nement \u00e0 ne pas rater !<\/strong><\/span><\/p>\n<p>[\/et_pb_text][et_pb_blog fullwidth=&#8221;off&#8221; posts_number=&#8221;1&#8243; include_categories=&#8221;39&#8243; _builder_version=&#8221;3.14&#8243; header_font=&#8221;|700||||on|||&#8221; header_font_size=&#8221;19px&#8221; body_font=&#8221;||||||||&#8221; body_font_size=&#8221;12px&#8221; meta_font=&#8221;||on||||||&#8221; meta_text_color=&#8221;#c1c1c1&#8243; meta_font_size=&#8221;12px&#8221; border_color_all=&#8221;rgba(0,73,201,0.37)&#8221;][\/et_pb_blog][\/et_pb_column][\/et_pb_section]<\/p>\n","protected":false},"excerpt":{"rendered":"<p>[et_pb_section fb_built=&#8221;1&#8243; _builder_version=&#8221;3.14&#8243; custom_padding=&#8221;32px|0px|12px|0px|false|false&#8221;][et_pb_row custom_padding=&#8221;3px|0px|0|0px|false|false&#8221; _builder_version=&#8221;3.14&#8243;][et_pb_column type=&#8221;4_4&#8243; _builder_version=&#8221;3.14&#8243; parallax=&#8221;off&#8221; parallax_method=&#8221;on&#8221;][et_pb_text _builder_version=&#8221;3.14&#8243; inline_fonts=&#8221;Georgia&#8221;] Le Journal de\u00a0m\u00e9diation scientifique destin\u00e9 au grand public et aux sp\u00e9cialistes de l\u2019\u00e9ducation, enti\u00e8rement \u00e9crit par des chercheurs et des sp\u00e9cialistes ! [\/et_pb_text][et_pb_divider color=&#8221;#1b8991&#8243; divider_weight=&#8221;3px&#8221; _builder_version=&#8221;3.14&#8243;][\/et_pb_divider][\/et_pb_column][\/et_pb_row][et_pb_row _builder_version=&#8221;3.14&#8243;][et_pb_column type=&#8221;4_4&#8243; _builder_version=&#8221;3.14&#8243; parallax=&#8221;off&#8221; parallax_method=&#8221;on&#8221;][et_pb_text _builder_version=&#8221;3.14&#8243; inline_fonts=&#8221;Georgia&#8221;] Les actualit\u00e9s [\/et_pb_text][et_pb_nextend_smart_slider_3 slider=&#8221;45&#8243; _builder_version=&#8221;3.14&#8243;][\/et_pb_nextend_smart_slider_3][\/et_pb_column][\/et_pb_row][\/et_pb_section][et_pb_section fb_built=&#8221;1&#8243; specialty=&#8221;on&#8221; _builder_version=&#8221;3.14&#8243; custom_padding=&#8221;0|0px|0|0px|false|false&#8221;][et_pb_column type=&#8221;2_3&#8243; [&hellip;]<\/p>\n","protected":false},"author":1,"featured_media":0,"parent":0,"menu_order":0,"comment_status":"closed","ping_status":"closed","template":"","meta":{"_exactmetrics_skip_tracking":false,"_exactmetrics_sitenote_active":false,"_exactmetrics_sitenote_note":"","_exactmetrics_sitenote_category":0,"_monsterinsights_skip_tracking":false,"_monsterinsights_sitenote_active":false,"_monsterinsights_sitenote_note":"","_monsterinsights_sitenote_category":0,"footnotes":""},"categories":[],"tags":[],"class_list":["post-1059","page","type-page","status-publish","hentry"],"_links":{"self":[{"href":"https:\/\/www.association-corecre.com\/index.php\/wp-json\/wp\/v2\/pages\/1059","targetHints":{"allow":["GET"]}}],"collection":[{"href":"https:\/\/www.association-corecre.com\/index.php\/wp-json\/wp\/v2\/pages"}],"about":[{"href":"https:\/\/www.association-corecre.com\/index.php\/wp-json\/wp\/v2\/types\/page"}],"author":[{"embeddable":true,"href":"https:\/\/www.association-corecre.com\/index.php\/wp-json\/wp\/v2\/users\/1"}],"replies":[{"embeddable":true,"href":"https:\/\/www.association-corecre.com\/index.php\/wp-json\/wp\/v2\/comments?post=1059"}],"version-history":[{"count":74,"href":"https:\/\/www.association-corecre.com\/index.php\/wp-json\/wp\/v2\/pages\/1059\/revisions"}],"predecessor-version":[{"id":6287,"href":"https:\/\/www.association-corecre.com\/index.php\/wp-json\/wp\/v2\/pages\/1059\/revisions\/6287"}],"wp:attachment":[{"href":"https:\/\/www.association-corecre.com\/index.php\/wp-json\/wp\/v2\/media?parent=1059"}],"wp:term":[{"taxonomy":"category","embeddable":true,"href":"https:\/\/www.association-corecre.com\/index.php\/wp-json\/wp\/v2\/categories?post=1059"},{"taxonomy":"post_tag","embeddable":true,"href":"https:\/\/www.association-corecre.com\/index.php\/wp-json\/wp\/v2\/tags?post=1059"}],"curies":[{"name":"wp","href":"https:\/\/api.w.org\/{rel}","templated":true}]}}